base 12, what is 253912 - 11?
253901
In base 14, what is -24b5 + 370?
-2145
In base 10, what is -15112 - -65?
-15047
In base 4, what is 10231311212 + 1?
10231311213
In base 3, what is 1200222021121201 + -1?
1200222021121200
In base 2, what is -100100 + -11101100101110101?
-11101100110011001
In base 11, what is -a126 + -27?
-a152
In base 14, what is -3 + 89dbc32?
89dbc2d
In base 14, what is 3a70 - 202?
386c
In base 6, what is 125133 - 44222?
40511
In base 10, what is 25184 + 93?
25277
In base 11, what is -5 + -aa732?
-aa737
In base 15, what is -1 - -162c83e?
162c83d
In base 5, what is 33122221231 - -31?
33122221312
In base 9, what is -217 + -5725413?
-5725631
In base 4, what is 11010 + -11201102213?
-11201031203
In base 13, what is 60412 + -11?
60401
In base 2, what is 11 + -10010111001001010101101100?
-10010111001001010101101001
In base 12, what is 243 + -71822?
-7159b
In base 7, what is -5 - -430332546?
430332541
In base 5, what is 342232321141 + 10?
342232321201
In base 13, what is b6008 - 5c?
b5c79
In base 2, what is -101101101100101000 + 1001101111?
-101101100010111001
In base 11, what is 290 - 1a216?
-19a36
In base 15, what is 29e56 - -68?
29ebe
In base 2, what is -11110010011100100 + 100110?
-11110010010111110
In base 9, what is -34 + 30527402?
30527357
In base 11, what is -5795 - 9933?
-14618
In base 12, what is 130 + -3b529?
-3b3b9
In base 8, what is 203275 - 612?
202463
In base 11, what is -3 + -247a142?
-247a145
In base 11, what is -3 - -a587181?
a587179
In base 6, what is -151453004 + -43?
-151453051
In base 3, what is 0 - -21211100200111?
21211100200111
In base 14, what is -11 - -3347d9?
3347c8
In base 2, what is 1001010011100 - 100100001?
1000101111011
In base 16, what is -2536e + -4b2?
-25820
In base 5, what is 2243324 - -11020?
2304344
In base 8, what is 3027671 + -54?
3027615
In base 10, what is 10 - -4608784?
4608794
In base 3, what is 20 - 12021111111110?
-12021111111020
In base 5, what is -2113020 - 100340?
-2213410
In base 14, what is -2a7875 - -3?
-2a7872
In base 2, what is 1100011100101001001 + 11100011?
1100011101000101100
In base 4, what is 321203331 + 20?
321210011
In base 10, what is 952882 + 8?
952890
In base 16, what is -43bb + d?
-43ae
In base 13, what is -38 - -13c0940?
13c0905
In base 15, what is 0 - -43774ac?
43774ac
In base 6, what is -3 - 135400003?
-135400010
In base 12, what is 547683 - -4?
547687
In base 12, what is 64924b84 + 0?
64924b84
In base 9, what is -1 - 6743120?
-6743121
In base 6, what is 153501514 - -2?
153501520
In base 2, what is -11110101101001111000 - -1110?
-11110101101001101010
In base 11, what is 1 - 2235330?
-223532a
In base 9, what is -11484321 + -7?
-11484328
In base 4, what is 1020213010 - -1333?
1020221003
In base 8, what is -12707 + -11317?
-24226
In base 3, what is -121021112220111 + -221?
-121021112221102
In base 4, what is -2033200112 - -3?
-2033200103
In base 9, what is 4 + 175203383?
175203387
In base 4, what is 20300201 + 10112323?
31013130
In base 8, what is -153 + 43726146?
43725773
In base 16, what is 0 - 256a8?
-256a8
In base 8, what is 13 + 1062031?
1062044
In base 4, what is -1022 + 31212?
30130
In base 3, what is 102022000211 + -210?
102022000001
In base 10, what is 3488 - -2292?
5780
In base 6, what is -11253454525 + -1?
-11253454530
In base 6, what is 4 + 133452330?
133452334
In base 11, what is 162a82 + 12a?
163101
In base 16, what is 2338 - 3d2f?
-19f7
In base 3, what is -22001212 - 200100?
-22202012
In base 13, what is -15 - 1289c?
-128b4
In base 3, what is -10 + -11020200101000?
-11020200101010
In base 5, what is -13110404010203 - -1?
-13110404010202
In base 14, what is -8d9dd6 + -3?
-8d9dd9
In base 4, what is -133 - -131230331?
131230132
In base 11, what is -24 + -684a19?
-684a42
In base 11, what is 25 + 2057733?
2057758
In base 4, what is -13110 - -2011320011?
2011300301
In base 13, what is -868ab3 + 306?
-8687aa
In base 14, what is 82da0 + 1b?
82dbb
In base 5, what is 312200013 - 103?
312144410
In base 5, what is 102 - -1232410?
1233012
In base 8, what is -16 + 2772056?
2772040
In base 14, what is -30b - -8c3b?
8930
In base 8, what is -3 + 73041031?
73041026
In base 15, what is -851669 + 3?
-851666
In base 10, what is -3 + -573513?
-573516
In base 14, what is 3b8 - -4c55c?
4c936
In base 5, what is -2201224 - -2024330?
-121344
In base 9, what is 2823187 + 1?
2823188
In base 12, what is -4410b70 - -5?
-4410b67
In base 16, what is e85 + -74f?
736
In base 3, what is 2110222 - -20212?
2201211
In base 10, what is 14468 - 20780?
-6312
In base 16, what is -2fe03 + 1a?
-2fde9
In base 15, what is -7 - -126d651?
126d649
In base 7, what is -10142605 - 11?
-10142616
In base 9, what is 223 + 40736?
41060
In base 7, what is 3565455 + 1?
3565456
In base 9, what is 5305878 - -5?
5305884
In base 16, what is -8ace - -407?
-86c7
In base 12, what is 638a65 + 42?
638aa7
In base 10, what is -5 + -232797771?
-232797776
In base 8, what is -41147 - 211?
-41360
In base 11, what is -4 + 708478?
708474
In base 6, what is 231132 + 2434?
234010
In base 4, what is 2322133210310 - 30?
2322133210220
In base 9, what is 237041216 + 5?
237041222
In base 6, what is -433 - 35253?
-40130
In base 15, what is -298e8 + -18c5?
-2b2bd
In base 15, what is 0 - 91ab09?
-91ab09
In base 11, what is -258892a0 + -1?
-258892a1
In base 6, what is 221 + -33133555?
-33133334
In base 2, what is 111000011000011001110 + -1011110?
111000011000001110000
In base 8, what is -1576 + 102057?
100261
In base 12, what is -8 - abb4a8?
-abb4b4
In base 16, what is 13fe63f5 - 4?
13fe63f1
In base 3, what is 20 - -220021122212012?
220021122212102
In base 14, what is 0 + -283789c8?
-283789c8
In base 10, what is -17103 + 6860?
-10243
In base 10, what is 3909527 + 43?
3909570
In base 5, what is -403 - 2243202414?
-2243203322
In base 6, what is -240152 - 21?
-240213
In base 4, what is -13301 - -3030133?
3010232
In base 13, what is -8a562 + -35?
-8a597
In base 14, what is 48488 - 42?
48446
In base 9, what is -188 - -582187?
581888
In base 11, what is 760845 + 25?
76086a
In base 11, what is 43170 + -15a?
43011
In base 15, what is 23dad - -32?
23de0
In base 7, what is 43134 - 64?
43040
In base 6, what is -1 + 1514554252?
1514554251
In base 13, what is -3 - -51c7b9?
51c7b6
In base 14, what is -23 - -1d0a?
1cc7
In base 13, what is -6a92 + -1c21?
-89b3
In base 11, what is -3 + 39452a6?
39452a3
In base 3, what is 1100120211100202 - -22?
1100120211101001
In base 11, what is 20557 + -167?
203a0
In base 12, what is 90b51a17 + -4?
90b51a13
In base 15, what is 5ada4 - 10?
5ad94
In base 2, what is -110110 + -11111001011001011?
-11111001100000001
In base 10, what is -2086 - -12825?
10739
In base 2, what is 1100000 - 100000110100011001101?
-100000110100001101101
In base 3, what is -1002202012200 - -102122?
-1002201210001
In base 10, what is -121 + 29416?
29295
In base 7, what is 261 + 213362?
213653
In base 5, what is -324402 + -113111?
-443013
In base 11, what is 101a + -428323?
-427304
In base 5, what is -103024 + -322202?
-430231
In base 5, what is 21 + -202344021?
-202344000
In base 16, what is 61a150 - 1e?
61a132
In base 14, what is -3147a + 18d2?
-2d988
In base 3, what is 101200 - 10111200112?
-10111021212
In base 6, what is 1053 + 2121410?
2122503
In base 15, what is -2a886 - 297?
-2ab2d
In base 12, what is 20a0b + ab?
20aba
In base 8, what is 5 + 61370620?
61370625
In base 14, what is -184 - 227a84?
-227c28
In base 6, what is -2 - 44150443520?
-44150443522
In base 3, what is -21012011 - -101022002212?
101000220201
In base 5, what is -33421312 - -3242?
-33413020
In base 10, what is 247894 + 41?
247935
In base 6, what is 441 + -2420423?
-2415542
In base 3, what is 2121 + -22022202?
-22020011
In base 11, what is -18a + -39831?
-39a10
In base 6, what is -2554004535 - 2?
-2554004541
In base 6, what is 214105 + 15432?
233541
In base 14, what is 207947d - -37?
20794b6
In base 4, what is 0 + 3102102100002?
3102102100002
In base 3, what is -120021022221101011 - -1?
-120021022221101010
In base 10, what is 190724 + 2092?
192816
In base 5, what is 1021313100 + -4?
1021313041
In base 14, what is 2c - -39265?
39293
In base 4, what is 23000 - 121203021?
-121120021
In base 8, what is 356075 + -174?
355701
In base 3, what is -1 + 1012120110202120021?
101212